igit of y?
2
Let y be 30/4 + 2/4. Let q(g) = -g**2 + 10*g + 2. What is the tens digit of q(y)?
1
Suppose -30*b = -32*b. Let n be (0 + -6)*5*-2. Suppose -f - 4*f + n = b. What is the units digit of f?
2
Let a = 80 - 87. What is the hundreds digit of 289 - -1 - (a - (-2 + -1))?
2
Let y(p) = 98*p - 60. What is the tens digit of y(7)?
2
What is the units digit of (928 - 37) + (-12)/(-5 + 3)?
7
Suppose 5*b = -4*b + 9. Let p(o) = -5*o**3 - 2*o**2 - 2*o - 1. Let l(j) = -j - 1. Let c(a) = b*p(a) - 2*l(a). What is the units digit of c(-1)?
4
Let f be 45/(-20) - 3/4 - 0. What is the units digit of 1 + 12/f + 77 + 3?
7
What is the tens digit of (-7 - -4384 - 2) + -7?
6
Let c be (-1)/((-57)/(-15) + -4). Suppose -5*u + c*h = 2*h - 141, -h + 63 = 2*u. What is the units digit of u?
0
Suppose 2*u = 4*o - 346, -7*o + 2*u = -4*o - 262. What is the units digit of o?
4
Suppose -223*r - 5892 = -227*r. What is the hundreds digit of r?
4
Suppose 3*s - s = -114. Let v = -16 - s. What is the tens digit of v/2*(-7 + 9)?
4
Let k(y) = -2*y - 2. Let t(v) = -v**3 + 5*v**2 + 4*v + 10. Let n be t(6). What is the units digit of k(n)?
2
Let x = 9928 - 6053. What is the units digit of x?
5
What is the units digit of 6/(-27) - 448868/(-252)?
1
Let r = 3018 - 1956. What is the hundreds digit of r?
0
Suppose 0*u = -3*u - 2*d + 73, 0 = -4*u + 2*d + 116. Let a = -22 + u. Suppose a*k = 112 + 78. What is the units digit of k?
8
Let c be (-9 + 6)*(1 + -2). Suppose c*i = 15, -4*i + i + 144 = 3*g. What is the tens digit of g?
4
Suppose -4*a = 0, y - 64 = 5*y + 4*a. Let j = y - -21. Suppose -6*d + j*d = -38. What is the tens digit of d?
3
Let v(b) be the first derivative of 4 + 3/2*b**2 + 6*b. What is the tens digit of v(5)?
2
Suppose -3*h - 2 = -14. Suppose -5*j + 4*t = -18, -h*j + 12 = -j - 3*t. Suppose 0 = 2*x + j*k - 16, -1 - 2 = -3*k. What is the units digit of x?
7
Let a(v) = -v**3 + 3*v**2 + 5*v. Suppose -5*i + 16 = -i. Let n be a(i). Suppose -n*j + 147 = -j. What is the tens digit of j?
4
Let o(n) = 8*n - 2. Let j be o(7). Suppose p - 17 = -2*x + 7, 4*x = p - j. Suppose 4*z - p - 14 = 0. What is the units digit of z?
2
Suppose -117 = -2*v - 5*q, -2*v + q + 133 = v. What is the units digit of v + (-1 - -5) - -1?
1
Suppose 5*t - 244 = t. Let y be 1908/(-24)*(-4)/3. Let s = y - t. What is the tens digit of s?
4
Let x = -199 + -203. Let f = x - -709. What is the units digit of 8/56 - f/(-7)?
4
Suppose 14112 = 33*x - 6249. What is the hundreds digit of x?
6
Suppose 21 - 71 = -5*x. What is the units digit of x?
0
Let x(z) = -z**2 - 12*z - 2. Suppose -5*v = 2*q - 0*q + 23, -q = 4*v + 16. What is the tens digit of x(v)?
2
Suppose 3*x - 335 = -1205. What is the tens digit of 14/(-28) - x/4?
7
Suppose -2*j + 3*m + 39 = 0, -2*j + 2*m - 24 = -4*j. Let q = j + -4. What is the tens digit of q?
1
Let f(s) be the first derivative of s**4/4 - 5*s**3/3 + 2*s + 6. Let m be f(5). Suppose 0 = -m*y + y + 15. What is the tens digit of y?
1
Suppose 0 = v + 5*w - 11, 5*w - 4*w - 7 = -5*v. What is the hundreds digit of -471*(v - 12/9)?
1
Let y = 572 + -239. What is the units digit of y/5 - (-5)/(25/2)?
7
Let q = -37 - -44. Suppose o - q*o = -456. What is the tens digit of o?
7
Suppose -5*w = 4*s - 7410, -2*w = 3*s + 2*w - 5557. What is the thousands digit of s?
1
Let z = 199 - 21. What is the tens digit of z?
7
Suppose b + 4*b - w - 19 = 0, -3*b - 4*w = 7. Let d be 2 + 9/b + 1. What is the units digit of d/(-2) + (-2 - -12)?
7
Suppose 2*o = -5*k + o - 38, 4*o = -k - 19. Let x = k + 64. What is the tens digit of x?
5
Suppose 5*c - 135 = 4*c. Suppose 15 = 5*y, -2*y - c = -5*z + 134. What is the tens digit of z?
5
Let x(m) = 23*m**2 + 5. Let k be x(-4). Let y = -138 + k. What is the hundreds digit of y?
2
Suppose 0 = -2*k - 3*v + 1488, 12*v + 722 = k + 8*v. What is the tens digit of k?
3
What is the thousands digit of 84*(-11)/44*-118?
2
What is the units digit of (-6)/(-8) - 1 - 155456/(-256)?
7
Let l(o) be the second derivative of 11*o**3/6 - 41*o**2/2 - 34*o. What is the tens digit of l(15)?
2
Suppose -k + 9 = 2. Let d(z) = z**2 - 6*z + 17. Let y be d(k). Suppose -4*b - 2*x = -2*b - 58, 0 = b - 4*x - y. What is the tens digit of b?
2
Let g(y) = 125*y**2 + 7*y - 5. Let i(o) = -62*o**2 - 3*o + 2. Let j(z) = -3*g(z) - 7*i(z). Let m be j(1). Suppose -2*w + 22 = -m. What is the units digit of w?
1
Suppose 0 = 8*g + 12 - 140. What is the units digit of 0 - g*21/(-2)?
8
Let t = -64 + 66. Suppose -2*f + 12 = 2*f. Suppose -5*g + 135 = -m, 6*g + f*m = t*g + 127. What is the units digit of g?
8
Let y = 47 - 55. What is the units digit of ((-235)/(-10))/((-2)/y)?
4
Suppose 2*j - 4 = j - 3*u, -u - 6 = 4*j. What is the tens digit of (1 - j)/18 - (-575)/6?
9
Let s(o) = 2*o**3 - 6*o**2 + 6*o - 2. Let i be s(6). What is the tens digit of i/(-15)*9/(-3)?
5
What is the units digit of -1 - -2 - (-11 - 119)*2?
1
Let q(n) = -18*n**3 + 2*n**2 - 3*n + 3. What is the tens digit of q(-3)?
1
Suppose 2*q + 0*m - m - 1315 = 0, 4*q - m - 2631 = 0. What is the tens digit of q?
5
Let d = 41 - 49. Let t(k) = k + 4. Let w(q) = 4*q + 12. Let b(f) = 8*t(f) - 3*w(f). What is the tens digit of b(d)?
2
Suppose 0 = -2*b + 45 + 7. Suppose b = 4*m + 3*v - 41, -2*m + 2*v + 16 = 0. What is the tens digit of m?
1
Suppose 2*y - 76 = -3*n, -8 - 92 = -3*n + 4*y. Let c be 21/n*-1*4. Let w = 25 + c. What is the tens digit of w?
2
Let x(a) = a**2 + 11*a + 21. Let t be x(-9). Suppose n - 9 = -3*u - 0*u, -u + t*n = 7. Suppose -60 = -u*o + 38. What is the units digit of o?
9
What is the tens digit of ((-9)/6)/((-3)/62)?
3
Let f(z) = z**2 - 3*z - 7. Let g(b) = 5*b**2 - 14*b - 36. Let r(y) = 11*f(y) - 2*g(y). Let m be r(-2). Let j = m - 4. What is the units digit of j?
5
Let c = 43 - 31. Suppose -c*o + 15*o = 57. What is the tens digit of o?
1
Suppose -6*i + 0*i = i. Let o be ((-1 + -5)/(-2))/1. Suppose -o*c + 78 = -i*c. What is the tens digit of c?
2
Suppose -2*z + 2143 = 5*o, -3*z - o = 3*o - 3232. What is the units digit of z?
4
What is the units digit of (3/4)/(385402/(-24088) - -16)?
1
Let q(p) = -p**2 - 7*p + 9. Let a be q(6). Suppose m = -0*m - 47. Let f = m - a. What is the tens digit of f?
2
Let f be (-3887)/(-26) - 1/2. Suppose -3*r + f = -19. What is the units digit of r?
6
Let w be 4/(-3) + 2977/39. Let b = w - 37. What is the units digit of b?
8
Let i(u) = 65*u**3 + u**2 - 2*u + 2. Let a be i(1). Suppose 43 - 3 = -z. Let b = a + z. What is the tens digit of b?
2
Let w = 44 + -41. Suppose -13 = -w*b + 230. What is the tens digit of b?
8
Let g(r) = 3*r**3 + 3*r**2 + 2*r + 2. Let n be (-8)/(-12) - 11/3. Let f be g(n). Let l = 98 + f. What is the tens digit of l?
4
Suppose -2*j - 3*j + 17 = l, -2*l + 67 = -j. Suppose -36*m + 584 = -l*m. What is the units digit of m?
6
Let d = -5 - -8. Suppose 0*c + d*c - 42 = 0. Let q(a) = a + 16. What is the tens digit of q(c)?
3
What is the units digit of (-231)/(-33)*(-2978)/(-14)?
9
Suppose -3*s - 18 = -2*p, -4 + 36 = 4*p - 5*s. Suppose 3*d = -5*a + 239, 0 = p*d + a - 64 - 195. What is the units digit of d?
8
Suppose -o + 0 - 7 = 0. Let p = -1629 - -1643. What is the tens digit of 172/p + 2/o?
1
Let f = 29 - 29. Suppose -w + 3*q + 230 = f, 3*q = -2*w + 4*w - 460. What is the units digit of w?
0
Let i(x) be the third derivative of 4*x**4/3 - 31*x**3/6 + 9*x**2. What is the hundreds digit of i(6)?
1
Let q(p) = -7*p**3 + 4*p**2 - 1. Let j be q(-3). Suppose -74 = 5*s - j. Let f = s - 16. What is the units digit of f?
4
Suppose -3*a = -8*a. Let z = a - -9. What is the units digit of z?
9
Let r = -623 + 211. Let f = -212 - r. What is the units digit of f?
0
Let i(k) = k**3 - 9*k**2 - 5*k - 5. What is the units digit of i(11)?
2
Suppose 2*t - 80 = 126. Let z = 145 - t. What is the units digit of z?
2
Let t(u) = u**3 + 4*u**2 - 7*u - 7. Let d be t(-5). Suppose 87 = -d*s + 306. What is the units digit of s?
3
Let n(f) = 6*f + 3. Let l be n(9). Let c = l + -39. Suppose -6 = -h + c. What is the tens digit of h?
2
Let f(z) = 11*z + 16. Let r be f(-6). What is the units digit of (r + 1)/(-1) + (16 - 16)?
9
What is the hundreds digit of (-56)/(-392) + ((-87144)/(-21))/2?
0
Suppose -4*q - 2*k = -6*k + 272, 5*q = -k - 346. Let s(l) = -l**3 - 32*l**2 - 91*l - 7. Let g be s(-29). Let v = g + q. What is the units digit of v?
0
L